. Suppose -u = -4*u + w. List the prime factors of u.
3, 59
Suppose 0 = 26*n - 144387 - 35013. Suppose -30*b + n = -0*b. What are the prime factors of b?
2, 5, 23
Suppose 16 = -4*l, -g - 190 = l + 29. What are the prime factors of 839/1 + g/43?
2, 3, 139
What are the prime factors of (-7 + 17 - 15) + 0 + 3826?
3821
Let p = 999 + -591. Suppose -3*r + 604 = 5*f, 2*r - 10*f = -8*f + p. List the prime factors of r.
7, 29
Let p be 2/11 + 13363/11. Let o = 1715 - p. List the prime factors of o.
2, 5
Let s = 711 - 498. Suppose -4*m - 271 = 321. Let w = m + s. What are the prime factors of w?
5, 13
Suppose k + 64*h - 39141 = 61*h, 8*k = -2*h + 313040. What are the prime factors of k?
3, 13043
Let v(o) = -1406*o - 431. List the prime factors of v(-8).
29, 373
What are the prime factors of (-1 - 3075/2 - (-762)/(-127))*-6?
3, 3089
Suppose -661*o + 3*a = -663*o + 25154, 0 = -o + 2*a + 12598. List the prime factors of o.
2, 7, 29, 31
Suppose 0 = -8*x + 16*x. Suppose b - 1 = x, -10*b = -3*f - 5*b + 58. What are the prime factors of f?
3, 7
Let h(v) = -757*v - 1053. What are the prime factors of h(-18)?
3, 11, 127
Let u(f) = 15*f**2 + 10*f. Suppose 1 = 8*d - 7. Let t(v) = v**3 - v + 1. Let o(g) = d*u(g) + t(g). List the prime factors of o(-14).
71
Let p(m) = 102*m - 7. Let o be p(4). Suppose -u = 4*u + 4*h + 999, -o = 2*u + 3*h. Let j = u - -282. What are the prime factors of j?
83
Let x = 17056 + -6188. What are the prime factors of x?
2, 11, 13, 19
Let g(f) = -21*f**2 - 27*f + 15. Let p be g(-11). List the prime factors of (5 - 2)*-1*p/9.
743
Suppose 5*o - 570 = 3*q - q, 4*q - 342 = -3*o. Suppose -79*b + o = -78*b. Let l = -37 + b. What are the prime factors of l?
7, 11
Let t(h) = h**3 - 74*h**2 - 323*h - 181. List the prime factors of t(81).
19583
Suppose 0 = -10*y + 24025 + 4465. What are the prime factors of y*((-30)/35)/(-3)?
2, 11, 37
Let r(t) = 2*t**2 + 17*t + 60. Let v be r(-5). List the prime factors of 3876/5 - 5/v.
5, 31
Suppose -5915 = 207*g - 208*g - 3*d, 4*g + d = 23726. List the prime factors of g.
17, 349
Let l(w) = -w**3 - 5*w**2 - 3*w - 13. Let u be l(-5). Suppose 0 = 3*t - j - 1046, -u*t + 1720 = 3*t + 3*j. List the prime factors of t.
347
Let n(f) = 64*f**2 - 6*f + 146. List the prime factors of n(17).
2, 3, 5, 103
Let f(w) = -16*w + 36. Let i be f(2). Suppose j + 482 = 2*v - 4*j, 244 = v - i*j. What are the prime factors of v?
2, 59
Suppose 44 = 2*i + 276. Let f(g) = -3*g**2 + 32*g + 154. Let c be f(17). Let m = i - c. List the prime factors of m.
53
Suppose 206070 = 92*y - 77*y. What are the prime factors of y?
2, 6869
Let k = -45 + 79. Let g = k - -23. Let c = 144 - g. List the prime factors of c.
3, 29
Suppose h + 0 = -4*x - 6, 4*x + 12 = 2*h. Suppose h*b - 484 = -2*b + 3*u, 586 = 5*b + u. List the prime factors of b.
2, 59
Suppose -13*u - 3745 = -2*u - 177985. List the prime factors of u.
2, 3, 5, 11
Let k be -2 - (-2 + 1) - (-21 + -1). Let j(a) = 24*a - 6 + 0 + k. List the prime factors of j(3).
3, 29
Suppose -u + 25657 = 60*m - 63*m, 128365 = 5*u + 5*m. List the prime factors of u.
7, 19, 193
List the prime factors of 43451 + 8*198/(-88).
13, 257
Let u = -775 - -903. Let t(n) = 3*n**2 + 3*n - 1. Let g be t(-5). Let y = g + u. What are the prime factors of y?
11, 17
Suppose k + 2*k = 1149. Let g = -52 + k. List the prime factors of g.
331
Suppose -3*c - 3*u = 6, 6 = 2*c + 4*u + 20. List the prime factors of (c/12)/(25/77100).
3, 257
Suppose 0 = 5*m + 2*y - 121903, m + 3*m = 3*y + 97504. What are the prime factors of m?
24379
Let p = 17526 + 14367. What are the prime factors of p?
3, 10631
Let t(n) = -3328*n + 1723. What are the prime factors of t(-4)?
5, 31, 97
Let v be 1/(11/5 + 4/(-2)). Suppose -4*p = v*n, 2 = -2*n - 2*p - 0. Suppose d + 1 - n = 0, -5*s - 2*d + 131 = 0. List the prime factors of s.
5
Let a(x) be the second derivative of -164*x**3/3 - 48*x**2 - 7*x + 20. List the prime factors of a(-6).
2, 3, 13
Suppose -26*q = -4*g - 23*q + 964, 5*g - 3*q = 1208. Let t = g + -165. What are the prime factors of t?
79
Let l = -66 + 63. What are the prime factors of 14/(-42) + (-778)/l?
7, 37
Suppose -2*n + w = -9483, 2*n + 140*w - 136*w = 9468. List the prime factors of n.
2, 3, 5, 79
Suppose 0 = 4*l + l + 70. Let v be (11 - (-708)/(-60))/(3/(-210)). Let d = l + v. List the prime factors of d.
2, 3, 7
Let i(n) = 41*n**2 + 7*n - 10. What are the prime factors of i(3)?
2, 5, 19
Let o = 12 + -12. Suppose 5*s = 3*y + 2075, o = -3*s + 8*y - 3*y + 1245. Suppose -s = -5*l - 0*l - 2*b, 3*l = -4*b + 235. What are the prime factors of l?
5, 17
Let j(m) = -86*m**3 - 3*m - 2. Let u be j(-1). Let p = 90 - u. Suppose 28 = -p*s + 442. List the prime factors of s.
2, 3, 23
Suppose 10*q - 45 = 5*q + 5*g, g = -5*q + 21. Suppose 426 = -8*d + q*d. Let x = 285 + d. What are the prime factors of x?
11, 13
Suppose -2346 = -7*x + x. Let c = -67 + x. List the prime factors of c.
2, 3
Suppose 0 = q + 3, 122*q = 4*h + 124*q - 222510. List the prime factors of h.
3, 7, 883
Suppose 10*v + 39957 = 108197. List the prime factors of v.
2, 853
Let p = 528 - 526. Suppose -4*t + 1438 = l + 395, 0 = 5*t + p*l - 1306. What are the prime factors of t?
2, 5, 13
Let f(u) be the first derivative of -31*u**3/6 + 31*u**2/2 + 37*u - 23. Let b(l) be the first derivative of f(l). List the prime factors of b(-7).
2, 31
Let u be ((-6)/(-4) + -2)/((-6)/8988). Let d = 141 + -14. Suppose -4*n = -u - d. List the prime factors of n.
3, 73
What are the prime factors of 0/1 + 8980 + -23 + -11?
2, 3, 7, 71
Let i be (-15)/(15/5) + 55. What are the prime factors of i/(-15) + 4 - 308/(-6)?
2, 13
Let z(v) = -v + 9. Let c be z(4). Suppose -45*f + 42*f = -1269. Suppose -c*n + 207 = -f. What are the prime factors of n?
2, 3, 7
Let q be 9838/(-22) - 7/((-308)/8). Let j = 956 + q. List the prime factors of j.
509
Suppose -4*u - 5*x + 6040 = -3*x, -5*u - 5*x = -7550. Suppose -221*v + u = -216*v. List the prime factors of v.
2, 151
Let m(g) = 2*g - 34. Let w be m(17). Let u be 116 - w - (-2 + 3). Let v = 237 - u. What are the prime factors of v?
2, 61
Suppose 4*c - 6*c = 6, -o = -c - 3. Let u be (o + 1)/(4 + -3). List the prime factors of (-3 + 2)/u*-6.
2, 3
Let o be (-4012)/(-44) + -3*(-2)/(-33). Suppose -2*h - 130 = -2*k, -o = -k - 4*h - 31. What are the prime factors of k?
2
Let t(c) = -c**2 + 2. Let u be t(2). Let a(y) = -2*y**3 - 3*y**2 + 1. Let h be a(u). Suppose -h*d + 364 = -d. What are the prime factors of d?
7, 13
Let j be 6/(30/265) + 3. Suppose -6*n = -98 + j. What are the prime factors of n?
7
Let f(u) = -16*u - 111. Let k be f(-9). List the prime factors of 2*(k/6 - 4) - -132.
3, 5
Let g = 359 + -341. List the prime factors of 2128/(-21)*g/(-4).
2, 3, 19
Suppose -176282 = -3*z - 2*p, 10*p - 235038 = -4*z + 5*p. List the prime factors of z.
2, 11, 2671
Let r = -11 + 14. Suppose -3*x + 96 = -3*k, 0 = 2*x + r*k - 74. List the prime factors of x.
2, 17
Let y(x) = -1177*x - 748. List the prime factors of y(-9).
5, 11, 179
Suppose -5*m - 10 - 30 = 0. Let c(f) = -f**3 - 9*f**2 - 6*f + 16. Let t be c(m). Suppose t = -32*h + 35*h - 288. List the prime factors of h.
2, 3
Suppose 0 = x - 3*y - 2186, -10854 = -5*x - y - 3*y. Suppose 1450 = 4*r - x. Suppose 7*u - r + 304 = 0. List the prime factors of u.
2, 43
Let o be ((-58)/4 + 6)/(1/(-84)). Let t = 1662 - o. List the prime factors of t.
2, 3, 79
Let v = -13731 - -22153. What are the prime factors of v?
2, 4211
Let n(q) = 105*q**2 + 15*q - 6. Let l be n(2). Let g = -432 + l. What are the prime factors of g?
2, 3
Suppose -4*l + 29152 = -12*o + 8*o, 3*o + 3 = 0. List the prime factors of l.
3, 7, 347
Suppose 4*r - 3*j - 230 = 3*r, 3*r + 3*j - 630 = 0. Let a = r + -202. What are the prime factors of a?
13
Let y = -27 + 42. Suppose -4*n - 7 + y = 0. Suppose 5*b = 2*i - 108, -n*i + 3*b = -0*i - 104. List the prime factors of i.
7
Let d be (-20)/3*2001/(-46). Let u = 368 + d. List the prime factors of u.
2, 7, 47
Let n(r) = -r**3 + 6*r**2 - 4*r + 8. Let d be n(4). Suppose 0 = u - 3*p - d + 3, 16 = u - 2*p. Suppose u*a - 1087 = -61. What are the prime factors of a?
3, 19
Let f(b) = -b**3 + 68*b**2 + 335*b + 89. What are the prime factors of f(71)?
3, 2917
Suppose 5*m = 15, 5*y - 3*m + 249 = -295. List the prime factors of (y - -1)*(-1 - (-4)/8).